{"id":652,"date":"2026-02-04T11:38:31","date_gmt":"2026-02-04T11:38:31","guid":{"rendered":"https:\/\/romaillustrazione.com\/?page_id=652"},"modified":"2026-02-05T21:55:07","modified_gmt":"2026-02-05T21:55:07","slug":"ilustraciones","status":"publish","type":"page","link":"https:\/\/romaillustrazione.com\/index.php\/es\/ilustraciones\/","title":{"rendered":"Ilustraciones"},"content":{"rendered":"<p>[et_pb_section fb_built=&#8221;1&#8243; _builder_version=&#8221;4.27.4&#8243; _module_preset=&#8221;default&#8221; global_colors_info=&#8221;{}&#8221;][et_pb_row _builder_version=&#8221;4.27.4&#8243; _module_preset=&#8221;default&#8221; max_width=&#8221;80%&#8221; module_alignment=&#8221;center&#8221; custom_margin=&#8221;-50px||||false|false&#8221; global_colors_info=&#8221;{}&#8221;][et_pb_column type=&#8221;4_4&#8243; _builder_version=&#8221;4.27.4&#8243; _module_preset=&#8221;default&#8221; global_colors_info=&#8221;{}&#8221;][et_pb_image src=&#8221;https:\/\/romaillustrazione.com\/wp-content\/uploads\/2026\/02\/romaillustracions.jpg&#8221; title_text=&#8221;romaillustracions&#8221; align=&#8221;center&#8221; disabled_on=&#8221;on|off|off&#8221; _builder_version=&#8221;4.27.5&#8243; _module_preset=&#8221;default&#8221; border_radii=&#8221;on|20px|20px|20px|20px&#8221; global_colors_info=&#8221;{}&#8221;][\/et_pb_image][et_pb_image src=&#8221;https:\/\/romaillustrazione.com\/wp-content\/uploads\/2026\/02\/romaillustracions2.jpg&#8221; title_text=&#8221;romaillustracions2&#8243; align=&#8221;center&#8221; disabled_on=&#8221;off|on|on&#8221; _builder_version=&#8221;4.27.5&#8243; _module_preset=&#8221;default&#8221; border_radii=&#8221;on|20px|20px|20px|20px&#8221; global_colors_info=&#8221;{}&#8221;][\/et_pb_image][et_pb_text _builder_version=&#8221;4.27.4&#8243; _module_preset=&#8221;default&#8221; text_font_size=&#8221;14px&#8221; header_font_size=&#8221;69px&#8221; width=&#8221;100%&#8221; module_alignment=&#8221;center&#8221; global_colors_info=&#8221;{}&#8221;]<\/p>\n<h2 class=\"et_pb_module_header\" style=\"text-align: center;\">Ilustraciones<\/h2>\n<p>[\/et_pb_text][et_pb_text _builder_version=&#8221;4.27.5&#8243; _module_preset=&#8221;default&#8221; custom_margin=&#8221;-30px||||false|false&#8221; custom_padding=&#8221;0px||||false|false&#8221; global_colors_info=&#8221;{}&#8221;]<\/p>\n<p data-start=\"1546\" data-end=\"1756\" style=\"text-align: center;\"><strong>Ilustraciones de autor inspiradas en Roma, su arquitectura, sus barrios y la vida cotidiana de la ciudad.<\/strong><br data-start=\"1651\" data-end=\"1654\" \/>Reproducciones de alta calidad, impresas en papeles seleccionados y disponibles en distintos formatos.<\/p>\n<p data-start=\"1758\" data-end=\"1919\" style=\"text-align: center;\">Pensadas para la venta en <strong data-start=\"1784\" data-end=\"1833\">tiendas, concept stores y espacios culturales<\/strong>, adem\u00e1s de online.<br data-start=\"1852\" data-end=\"1855\" \/><strong>Cont\u00e1ctame<\/strong> para informaci\u00f3n sobre colaboraciones y distribuci\u00f3n.<\/p>\n<p>[\/et_pb_text][\/et_pb_column][\/et_pb_row][et_pb_row column_structure=&#8221;1_2,1_2&#8243; _builder_version=&#8221;4.27.5&#8243; _module_preset=&#8221;default&#8221; max_width=&#8221;400px&#8221; module_alignment=&#8221;center&#8221; global_colors_info=&#8221;{}&#8221;][et_pb_column type=&#8221;1_2&#8243; _builder_version=&#8221;4.27.5&#8243; _module_preset=&#8221;default&#8221; global_colors_info=&#8221;{}&#8221;][et_pb_button button_url=&#8221;https:\/\/illustration.sumupstore.com\/categoria\/roma-illustrazione-1&#8243; url_new_window=&#8221;on&#8221; button_text=&#8221;CAT\u00c1LOGO&#8221; button_alignment=&#8221;center&#8221; _builder_version=&#8221;4.27.5&#8243; _module_preset=&#8221;default&#8221; button_font=&#8221;&#8211;et_global_body_font|500|||||||&#8221; hover_enabled=&#8221;0&#8243; global_colors_info=&#8221;{}&#8221; sticky_enabled=&#8221;0&#8243;][\/et_pb_button][\/et_pb_column][et_pb_column type=&#8221;1_2&#8243; _builder_version=&#8221;4.27.5&#8243; _module_preset=&#8221;default&#8221; global_colors_info=&#8221;{}&#8221;][et_pb_button button_url=&#8221;https:\/\/romaillustrazione.com\/index.php\/es\/contacto\/&#8221; button_text=&#8221;CONTACTO&#8221; button_alignment=&#8221;center&#8221; _builder_version=&#8221;4.27.5&#8243; _module_preset=&#8221;default&#8221; button_font=&#8221;&#8211;et_global_body_font|500|||||||&#8221; hover_enabled=&#8221;0&#8243; global_colors_info=&#8221;{}&#8221; sticky_enabled=&#8221;0&#8243;][\/et_pb_button][\/et_pb_column][\/et_pb_row][\/et_pb_section]<\/p>\n","protected":false},"excerpt":{"rendered":"<p>IlustracionesIlustraciones de autor inspiradas en Roma, su arquitectura, sus barrios y la vida cotidiana de la ciudad.Reproducciones de alta calidad, impresas en papeles seleccionados y disponibles en distintos formatos. Pensadas para la venta en tiendas, concept stores y espacios culturales, adem\u00e1s de online.Cont\u00e1ctame para informaci\u00f3n sobre colaboraciones y distribuci\u00f3n.<\/p>\n","protected":false},"author":1,"featured_media":0,"parent":0,"menu_order":0,"comment_status":"closed","ping_status":"closed","template":"","meta":{"_et_pb_use_builder":"on","_et_pb_old_content":"","_et_gb_content_width":"","footnotes":""},"class_list":["post-652","page","type-page","status-publish","hentry"],"_links":{"self":[{"href":"https:\/\/romaillustrazione.com\/index.php\/wp-json\/wp\/v2\/pages\/652","targetHints":{"allow":["GET"]}}],"collection":[{"href":"https:\/\/romaillustrazione.com\/index.php\/wp-json\/wp\/v2\/pages"}],"about":[{"href":"https:\/\/romaillustrazione.com\/index.php\/wp-json\/wp\/v2\/types\/page"}],"author":[{"embeddable":true,"href":"https:\/\/romaillustrazione.com\/index.php\/wp-json\/wp\/v2\/users\/1"}],"replies":[{"embeddable":true,"href":"https:\/\/romaillustrazione.com\/index.php\/wp-json\/wp\/v2\/comments?post=652"}],"version-history":[{"count":4,"href":"https:\/\/romaillustrazione.com\/index.php\/wp-json\/wp\/v2\/pages\/652\/revisions"}],"predecessor-version":[{"id":691,"href":"https:\/\/romaillustrazione.com\/index.php\/wp-json\/wp\/v2\/pages\/652\/revisions\/691"}],"wp:attachment":[{"href":"https:\/\/romaillustrazione.com\/index.php\/wp-json\/wp\/v2\/media?parent=652"}],"curies":[{"name":"wp","href":"https:\/\/api.w.org\/{rel}","templated":true}]}}